{"id":2811,"date":"2023-03-07T10:54:35","date_gmt":"2023-03-07T13:54:35","guid":{"rendered":"https:\/\/www.kraftcapacetes.com.br\/loja\/?post_type=product&#038;p=2811"},"modified":"2024-09-04T17:24:24","modified_gmt":"2024-09-04T20:24:24","slug":"capacete-kraft-esporte-vision-usa-fume","status":"publish","type":"product","link":"https:\/\/www.kraftcapacetes.com.br\/loja\/produto\/capacete-kraft-esporte-vision-usa-fume","title":{"rendered":"Capacete Kraft Esporte Vision USA Fume"},"content":{"rendered":"<p>Conte\u00fado da Embalagem 1 Capacete Kraft Sport<\/p>\n<p>Modelo\u00a0 Revestido Preto<\/p>\n<p>Material ABS Injetado<\/p>\n<p>Dimens\u00f5es (cm) (A)17; (L)23; (C)32<\/p>\n<p>G\u00eanero Unissex<\/p>\n<p>Peso do Produto (Kg) 0,660<\/p>\n<p>TAMANHOS:<\/p>\n<p>PP 52-54 cm<br \/>\nP 55-56 cm<br \/>\nM 57-58 cm<br \/>\nG 59-60 cm<\/p>\n<p>Composi\u00e7\u00e3o do Material Interno Ber\u00e7o em EPS, Espuma, Tecido de Conforto<\/p>\n","protected":false},"excerpt":{"rendered":"<p>Kraft Esporte modelo traz conforto, estilo e seguran\u00e7a, segue a norma NBR 16175 para usuarios de bike, skate e afins . Indicado para uso em mobilidade \u00e9letrica.<\/p>\n","protected":false},"featured_media":2816,"comment_status":"open","ping_status":"closed","template":"","meta":{"_acf_changed":false},"product_brand":[],"product_cat":[90],"product_tag":[],"class_list":{"0":"post-2811","1":"product","2":"type-product","3":"status-publish","4":"has-post-thumbnail","6":"product_cat-kraft-esporte-vision","8":"first","9":"instock","10":"shipping-taxable","11":"product-type-variable"},"acf":[],"post_mailing_queue_ids":[],"_links":{"self":[{"href":"https:\/\/www.kraftcapacetes.com.br\/loja\/wp-json\/wp\/v2\/product\/2811","targetHints":{"allow":["GET"]}}],"collection":[{"href":"https:\/\/www.kraftcapacetes.com.br\/loja\/wp-json\/wp\/v2\/product"}],"about":[{"href":"https:\/\/www.kraftcapacetes.com.br\/loja\/wp-json\/wp\/v2\/types\/product"}],"replies":[{"embeddable":true,"href":"https:\/\/www.kraftcapacetes.com.br\/loja\/wp-json\/wp\/v2\/comments?post=2811"}],"wp:featuredmedia":[{"embeddable":true,"href":"https:\/\/www.kraftcapacetes.com.br\/loja\/wp-json\/wp\/v2\/media\/2816"}],"wp:attachment":[{"href":"https:\/\/www.kraftcapacetes.com.br\/loja\/wp-json\/wp\/v2\/media?parent=2811"}],"wp:term":[{"taxonomy":"product_brand","embeddable":true,"href":"https:\/\/www.kraftcapacetes.com.br\/loja\/wp-json\/wp\/v2\/product_brand?post=2811"},{"taxonomy":"product_cat","embeddable":true,"href":"https:\/\/www.kraftcapacetes.com.br\/loja\/wp-json\/wp\/v2\/product_cat?post=2811"},{"taxonomy":"product_tag","embeddable":true,"href":"https:\/\/www.kraftcapacetes.com.br\/loja\/wp-json\/wp\/v2\/product_tag?post=2811"}],"curies":[{"name":"wp","href":"https:\/\/api.w.org\/{rel}","templated":true}]}}