{"id":3090,"date":"2023-04-14T12:19:11","date_gmt":"2023-04-14T15:19:11","guid":{"rendered":"https:\/\/www.kraftcapacetes.com.br\/loja\/?post_type=product&#038;p=3090"},"modified":"2024-09-04T17:24:33","modified_gmt":"2024-09-04T20:24:33","slug":"viseira-kraft-plus-cristal-lateral-cromada","status":"publish","type":"product","link":"https:\/\/www.kraftcapacetes.com.br\/loja\/produto\/viseira-kraft-plus-cristal-lateral-cromada","title":{"rendered":"Viseira Kraft Plus Cristal Lateral Cromada"},"content":{"rendered":"<p>-PRODUTO 100% ORIGINAL KRAFT<\/p>\n<p>&nbsp;<\/p>\n<p>-Viseira em Policarbonato;<\/p>\n<p>&nbsp;<\/p>\n<p>-Tamanho \u00fanico (atende qualquer tamanho de capacetes Kraft da linha Plus);<\/p>\n<p>&nbsp;<\/p>\n<p>-Prote\u00e7\u00e3o anti-risco.<\/p>\n<p>&nbsp;<\/p>\n<p>-Cor Cromada<\/p>\n<p>&nbsp;<\/p>\n<p>Especifica\u00e7\u00f5es T\u00e9cnicas:<\/p>\n<p>&nbsp;<\/p>\n<p>-Produto: Viseira Cristal para Capacetes Kraft linha Pus.<\/p>\n<p>&nbsp;<\/p>\n<p>-Material: Policarbonato.<\/p>\n<p>&nbsp;<\/p>\n<p>-Tamanho: \u00danico.<\/p>\n<p>&nbsp;<\/p>\n<p>-Garantia do Fabricante: 3 meses contra defeitos de fabrica\u00e7\u00e3o.<\/p>\n<p>&nbsp;<\/p>\n<p>NOTA: Este an\u00fancio vende somente a viseira, os parafusos n\u00e3o est\u00e3o inclusos<\/p>\n","protected":false},"excerpt":{"rendered":"<p>-PRODUTO 100% ORIGINAL KRAFT &nbsp; -Viseira em Policarbonato; &nbsp; -Tamanho \u00fanico (atende qualquer tamanho de capacetes Kraft da linha Plus); &nbsp; -Prote\u00e7\u00e3o anti-risco. &nbsp; -Cor Cromada &nbsp; Especifica\u00e7\u00f5es T\u00e9cnicas: &nbsp; -Produto: Viseira Cristal para Capacetes Kraft linha Pus. &nbsp; -Material: Policarbonato. &nbsp; -Tamanho: \u00danico. &nbsp; -Garantia do Fabricante: 3 meses contra defeitos de fabrica\u00e7\u00e3o. &nbsp; [&hellip;]<\/p>\n","protected":false},"featured_media":3092,"comment_status":"open","ping_status":"closed","template":"","meta":{"_acf_changed":false},"product_brand":[],"product_cat":[99],"product_tag":[],"class_list":{"0":"post-3090","1":"product","2":"type-product","3":"status-publish","4":"has-post-thumbnail","6":"product_cat-acessorios","8":"first","9":"instock","10":"shipping-taxable","11":"product-type-simple"},"acf":[],"post_mailing_queue_ids":[],"_links":{"self":[{"href":"https:\/\/www.kraftcapacetes.com.br\/loja\/wp-json\/wp\/v2\/product\/3090","targetHints":{"allow":["GET"]}}],"collection":[{"href":"https:\/\/www.kraftcapacetes.com.br\/loja\/wp-json\/wp\/v2\/product"}],"about":[{"href":"https:\/\/www.kraftcapacetes.com.br\/loja\/wp-json\/wp\/v2\/types\/product"}],"replies":[{"embeddable":true,"href":"https:\/\/www.kraftcapacetes.com.br\/loja\/wp-json\/wp\/v2\/comments?post=3090"}],"wp:featuredmedia":[{"embeddable":true,"href":"https:\/\/www.kraftcapacetes.com.br\/loja\/wp-json\/wp\/v2\/media\/3092"}],"wp:attachment":[{"href":"https:\/\/www.kraftcapacetes.com.br\/loja\/wp-json\/wp\/v2\/media?parent=3090"}],"wp:term":[{"taxonomy":"product_brand","embeddable":true,"href":"https:\/\/www.kraftcapacetes.com.br\/loja\/wp-json\/wp\/v2\/product_brand?post=3090"},{"taxonomy":"product_cat","embeddable":true,"href":"https:\/\/www.kraftcapacetes.com.br\/loja\/wp-json\/wp\/v2\/product_cat?post=3090"},{"taxonomy":"product_tag","embeddable":true,"href":"https:\/\/www.kraftcapacetes.com.br\/loja\/wp-json\/wp\/v2\/product_tag?post=3090"}],"curies":[{"name":"wp","href":"https:\/\/api.w.org\/{rel}","templated":true}]}}