{"id":3108,"date":"2023-04-19T10:01:22","date_gmt":"2023-04-19T13:01:22","guid":{"rendered":"https:\/\/www.kraftcapacetes.com.br\/loja\/?post_type=product&#038;p=3108"},"modified":"2024-09-04T17:24:34","modified_gmt":"2024-09-04T20:24:34","slug":"viseira-flip-full-face-fume","status":"publish","type":"product","link":"https:\/\/www.kraftcapacetes.com.br\/loja\/produto\/viseira-flip-full-face-fume","title":{"rendered":"Viseira Flip Full Face Fume"},"content":{"rendered":"<p>VISEIRA FULL FACE<\/p>\n<p>&#8211; Serve em qualquer capacete com 3 bot\u00f5es na frente do capacete.<br \/>\n&#8211; Peca injetada em policarbonato<br \/>\n&#8211; Articulada podendo levantar e abaixar a viseira<br \/>\n&#8211; Fixada com bot\u00f5es de press\u00e3o.<br \/>\n&#8211; Produto de qualidade<br \/>\n&#8211; N\u00e3o distorce a vis\u00e3o<\/p>\n<p>Acompanha:<br \/>\nAcompanha mecanismo de abertura e fechamento da viseira (Flip-Up)<br \/>\nViseira estilo Aviador<\/p>\n<p>N\u00c3O ACOMPANHA O CAPACETE.<\/p>\n","protected":false},"excerpt":{"rendered":"<p>VISEIRA FULL FACE &#8211; Serve em qualquer capacete com 3 bot\u00f5es na frente do capacete. &#8211; Peca injetada em policarbonato &#8211; Articulada podendo levantar e abaixar a viseira &#8211; Fixada com bot\u00f5es de press\u00e3o. &#8211; Produto de qualidade &#8211; N\u00e3o distorce a vis\u00e3o Acompanha: Acompanha mecanismo de abertura e fechamento da viseira (Flip-Up) Viseira estilo [&hellip;]<\/p>\n","protected":false},"featured_media":3109,"comment_status":"open","ping_status":"closed","template":"","meta":{"_acf_changed":false},"product_brand":[],"product_cat":[99,100],"product_tag":[],"class_list":{"0":"post-3108","1":"product","2":"type-product","3":"status-publish","4":"has-post-thumbnail","6":"product_cat-acessorios","7":"product_cat-lancamentos","9":"first","10":"instock","11":"shipping-taxable","12":"product-type-simple"},"acf":[],"post_mailing_queue_ids":[],"_links":{"self":[{"href":"https:\/\/www.kraftcapacetes.com.br\/loja\/wp-json\/wp\/v2\/product\/3108","targetHints":{"allow":["GET"]}}],"collection":[{"href":"https:\/\/www.kraftcapacetes.com.br\/loja\/wp-json\/wp\/v2\/product"}],"about":[{"href":"https:\/\/www.kraftcapacetes.com.br\/loja\/wp-json\/wp\/v2\/types\/product"}],"replies":[{"embeddable":true,"href":"https:\/\/www.kraftcapacetes.com.br\/loja\/wp-json\/wp\/v2\/comments?post=3108"}],"wp:featuredmedia":[{"embeddable":true,"href":"https:\/\/www.kraftcapacetes.com.br\/loja\/wp-json\/wp\/v2\/media\/3109"}],"wp:attachment":[{"href":"https:\/\/www.kraftcapacetes.com.br\/loja\/wp-json\/wp\/v2\/media?parent=3108"}],"wp:term":[{"taxonomy":"product_brand","embeddable":true,"href":"https:\/\/www.kraftcapacetes.com.br\/loja\/wp-json\/wp\/v2\/product_brand?post=3108"},{"taxonomy":"product_cat","embeddable":true,"href":"https:\/\/www.kraftcapacetes.com.br\/loja\/wp-json\/wp\/v2\/product_cat?post=3108"},{"taxonomy":"product_tag","embeddable":true,"href":"https:\/\/www.kraftcapacetes.com.br\/loja\/wp-json\/wp\/v2\/product_tag?post=3108"}],"curies":[{"name":"wp","href":"https:\/\/api.w.org\/{rel}","templated":true}]}}